5 = d*j. Let r(n) = n - 6. List the prime factors of r(j).
2
Suppose 0 = 4*f - 80. List the prime factors of f.
2, 5
Suppose -9 = -3*f + 3. Suppose f*w - 115 = -35. What are the prime factors of w?
2, 5
Let j be ((-17)/2)/((-2)/(-4)). Let z be 56/3*9/6. Let x = z + j. What are the prime factors of x?
11
Let h(n) = -n**2. Let b be h(-1). What are the prime factors of b/3 - 10/(-3)?
3
Suppose -2*r - 5 = -17. Suppose p - r*p = 5*i - 410, -2*i - 4*p + 172 = 0. What are the prime factors of (i/10)/3*5?
13
Let m = -5 - -27. List the prime factors of m.
2, 11
Suppose 0 = -5*p - 0*p. List the prime factors of 47 - (5 + -2) - p.
2, 11
Suppose -14 = -0*s - s. What are the prime factors of s?
2, 7
Suppose 5*h - 2 + 1 = 3*z, z = 4*h + 2. Let u = 6 - 8. List the prime factors of (-5)/z - u/(-4).
2
Let x = 64 + -36. List the prime factors of x.
2, 7
Let s(t) = t**2 - t - 4. Let r be s(3). Suppose r*v - 23 = 17. What are the prime factors of v?
2, 5
Suppose -22 - 30 = 2*r. Let v = -10 - r. What are the prime factors of v?
2
Let p(r) = 12*r + 2. What are the prime factors of p(18)?
2, 109
Let l(f) = 5*f - 5. Let t be l(4). Suppose 2*y + t = -3*p, 0 = 2*p + 5*y - 14 + 35. List the prime factors of p + 2 - (-8 - -1).
2, 3
Suppose -21 = 3*a - 6. Let p = 24 - 30. List the prime factors of (2 + p)/(2/a).
2, 5
Let m(y) = y**2 + 6*y + 5. List the prime factors of m(-6).
5
Suppose 5*h = 4*l + 787, -l + 0*l + 161 = h. What are the prime factors of h?
3, 53
Let f(j) = 2*j**3 - 5*j**2 - 10*j + 7. What are the prime factors of f(6)?
199
Let t be (-142)/(-9) + (-2)/(-9). Let q = t - 9. List the prime factors of q.
7
Let y be 3/4 - (-3)/12. Let d be -3 + y + 6 + 0. Suppose 24 + 32 = d*k. What are the prime factors of k?
2, 7
Let t = 181 - 105. List the prime factors of t.
2, 19
Let i(k) = -7*k**3 + 2*k**2 + k. Let l be i(-1). Let s = l + -5. List the prime factors of s.
3
Let b = -7 + 7. Suppose 3*u - u - 24 = 0. Let i = b + u. List the prime factors of i.
2, 3
Suppose -v = -40 - 17. List the prime factors of v.
3, 19
Suppose 1602 = 38*v - 32*v. List the prime factors of v.
3, 89
Suppose -4*u - 2*w + 4*w - 50 = 0, -u + w - 13 = 0. Let i(k) = -2*k + 15. List the prime factors of i(u).
3, 13
Suppose -3*y + 4 + 131 = 0. What are the prime factors of y?
3, 5
Let q be (7*1)/(1/(-3)). Let u be q/(-4) - 5/20. Suppose -u = -j + 2. List the prime factors of j.
7
Suppose -168 = -0*c + 4*c. Let n = -25 - c. List the prime factors of n.
17
Let k = 32 - 12. Suppose -4*d + 7*d + 13 = -2*u, -2*u - 37 = -5*d. Let y = u + k. List the prime factors of y.
3
Let l = -18 - -43. List the prime factors of l.
5
Let z(y) = y + 1. Let m be z(3). Suppose 0 = m*s - 8 - 20. List the prime factors of s.
7
Let z(a) = a**2 - 4*a + 3. Let k be z(2). Let f be 12/8 - k/2. Suppose 5 + 9 = f*s. List the prime factors of s.
7
Suppose q + 2*q + 216 = 0. List the prime factors of 2/9 - 1712/q.
2, 3
Suppose 3*h + 17 = -13. List the prime factors of (-4)/(-6) + h/(-3).
2
List the prime factors of 544/17 + 1*-1.
31
Let i = 9 + 1. Let v(j) = j + 4. List the prime factors of v(i).
2, 7
Suppose -5*z + 12 = -2*z. Let n = -1 + z. List the prime factors of n.
3
Suppose 2*d = 2*m + 38, -4*d = -m - 16 - 48. List the prime factors of d.
3, 5
Let y(g) = -g - 6. Let f be y(-10). Suppose 15 = f*j + j. List the prime factors of j.
3
Let y(l) = 11*l + 1. Let q be y(7). Suppose a + 4*s = 0, -5*a + q = -5*s - 47. List the prime factors of a.
2, 5
Suppose -c - 7 - 25 = -d, 0 = 4*d + 3*c - 93. Let s be -15*(0 - -1) - 0. Let f = s + d. List the prime factors of f.
2, 3
Let r(p) = -4*p - 14*p**3 + 7*p**3 + 1 + 7*p**2 + 6*p**3. List the prime factors of r(5).
31
Suppose 4*n - 31 = -4*b + 5, 5*n - 5 = 5*b. Let p = n - 0. What are the prime factors of p?
5
Let w be (1 + 1 + -1)*1. Let t = 8 - w. List the prime factors of (48/(-28))/((-1)/t).
2, 3
Let t = -10 - -11. List the prime factors of -7*t*(-2)/2.
7
Suppose 34 = -2*t + 4. Let o = -4 - t. Suppose 66 - o = 5*w. What are the prime factors of w?
11
Suppose -2*h + 8 = h - 5*x, -5 = -4*h + x. Let o = h + -3. List the prime factors of ((-10)/8)/(o/8).
5
Suppose 5*c - 101 = -5*s + 79, 5*c = -3*s + 188. Suppose 0 = -4*w + m - 0*m + 40, -4*w = 4*m - c. List the prime factors of w.
2, 5
Let t(n) = -n. Let g be t(-3). Suppose -11 + g = -4*j. What are the prime factors of j?
2
Suppose -2*g = 3*j - 16, 0 = -j - 5*g + 2*g + 17. Suppose j*k + 52 - 164 = -4*h, 0 = 4*h. Let t = k - 34. What are the prime factors of t?
2, 11
Let g(y) = y**2 + 6*y - 7. Let i be g(-8). Let h(x) = x**2 + 10 + 7*x + 2*x - 18*x. What are the prime factors of h(i)?
2, 5
Let f = -58 + 85. Suppose k = -1, -f = -4*z + 4*k + 9. Suppose h = -3*o + 6*o + 14, -h + o + z = 0. What are the prime factors of h?
5
Let z(b) = -b**2 - 14*b - 14. Let d be z(-13). What are the prime factors of (133/(-21))/(d/3)?
19
Let w(q) = q**3 + 11*q**2 + 10*q + 10. List the prime factors of w(-9).
2, 41
Let r(b) = -16*b + 2. Let j be r(3). Let w = 90 + j. What are the prime factors of w?
2, 11
Suppose 0 = 4*b + 2*y - 226, -4*b - 24 = -3*y - 245. List the prime factors of b.
2, 7
Suppose 7*s = 8*s - 25. What are the prime factors of s?
5
Suppose 3*z = 4*z - 15. List the prime factors of z.
3, 5
Let n(h) be the third derivative of -h**4/12 - 5*h**3/3 + 2*h**2. Let q be n(-8). Suppose -d - 2 = -q. List the prime factors of d.
2
Let i = -12 - -8. Let d = 6 + i. Suppose -d*z + 5*z - 6 = 0. What are the prime factors of z?
2
Suppose -5 = -2*g + 1. Suppose 3*m + 0 = k + 3, -5*k + g*m = -9. Suppose 3*x = -k*a - 0*a + 33, -a = 5*x - 39. List the prime factors of x.
7
Suppose k - 5 = -4*k. What are the prime factors of 11/2 - k/2?
5
Suppose 0 = -2*n - 4*y + 92, -2*n + 5*y + 93 = 37. List the prime factors of n.
2, 19
Let b(g) = g + 12. Let h(l) = -l**3 - 10*l**2 + 2*l + 11. Let u be h(-10). List the prime factors of b(u).
3
Suppose r = -3*r + 132. List the prime factors of r.
3, 11
Let z(v) = v**3 - 3*v**2 - 2*v + 2. Let b be z(4). Suppose -5*g - b = -i - 4*g, -i + 2*g = -15. Suppose 0 = -i*x - 8 + 68. What are the prime factors of x?
2, 3
Let z be 70/12 + (-4)/(-24). What are the prime factors of 272/20 - z/10?
13
Suppose 6*u + 17 = -a + 2*u, -a - 2*u - 9 = 0. What are the prime factors of ((a - 0) + 13)/2?
2, 3
Let j(h) = h - 4. Let y = -2 - -8. Let u be j(y). Suppose 0 = u*p + p - 21. List the prime factors of p.
7
Suppose 0 = -l - 3*o + 5, l - 20 = -3*l + o. Let g(p) = p - 2. Let x(h) = -h + 1. Let j(s) = -g(s) - 2*x(s). List the prime factors of j(l).
5
Suppose 4*z - 2*y = 38 - 10, -2*y = z + 3. Suppose 3*w = z*w + 4, 64 = -5*j - 2*w. Let c = -5 - j. List the prime factors of c.
7
Let q = 20 + -12. List the prime factors of q.
2
Let n be (-2)/6 - (-86)/6. Suppose -n = -5*r + 21. List the prime factors of r.
7
Suppose -4*c + 0*o - 3*o + 60 = 0, -5*c = -3*o - 48. List the prime factors of c.
2, 3
Let z(m) = -m**2 + m - 1. Let x be z(3). Let a be 76/(-68) - 6/(-51). Let j = a - x. What are the prime factors of j?
2, 3
Suppose 0*s + 4*a = -5*s + 4, s + 16 = -5*a. Suppose -s*x + 72 = -28. Suppose -3*j + 1 = 4*q, -3*j + 4*j + x = 5*q. What are the prime factors of q?
2
Let b(p) = 29*p**3 + 2*p - 1. What are the prime factors of b(1)?
2, 3, 5
What are the prime factors of (0 - 0) + 2 - -19?
3, 7
Let q be 3/6*-10*-4. Suppose 2*i - 13 = -j - 2*j, 3*i - 2*j = 39. Suppose -4*r - 4*h = -q, 2*r - 20 - i = 5*h. List the prime factors of r.
2
What are the prime factors of ((-1)/((-5)/95))/(1/5)?
5, 19
List the prime factors of (54/(-8))/(((-20)/4)/280).
2, 3, 7
Suppose 12*r + r - 962 = 0. List the prime factors of r.
2, 37
Let t be ((-2)/1)/(1/(-2)). Suppose 0*j - 20 = -t*j + 2*x, -x - 5 = -j. Let h(g) = -g + 11. List the prime factors of h(j).
2, 3
Let w be (5/(-15))/(2/(-36)). Suppose -w*c - 12 = -2*c, 5*o = c + 53. List the prime factors of o.
2, 5
What are the prime factors of 31 - -4*1/1?
5, 7
Suppose -2*g + 4*a = -220, -5*a = -g - 0*g + 95. Suppose g = 3*o + 2*o. List the prime factors of o.
2, 3
Suppose -2*d + 335 = 3*d. List the prime factors of d.
67
Let s(d) = -6*d**2 + 13*d**2 + 4*d + 3*d**3 - 2*d**3 - 1. What are the prime factors of s(-6)?
11
Let y be -2 - (-3 - (-3 - -2)). Suppose 4*p - v - 15 = 0, 3*v + v - 4 = y. Suppose -p*m + 55 = 7. List the prim